2 - 25*d + 68. Give j(21).
-16
Let f(o) = -26*o**2. Determine f(-1).
-26
Let h(s) = -s**3 + 33*s**2 - 59*s - 49. What is h(31)?
44
Let m(i) = 10*i**3 + 2*i**2 + 9*i + 14. What is m(-2)?
-76
Let y(i) = 4*i + 57. What is y(-12)?
9
Let h(p) = p - 32. What is h(26)?
-6
Let b(n) = -n**2 + 6*n - 4. Determine b(6).
-4
Let g(k) = -3*k**2 + 56*k - 43. Give g(18).
-7
Let s(l) = -166*l + 837. Calculate s(5).
7
Let h(y) = 25*y - 9. Determine h(2).
41
Let x(z) = 2*z + 21. Determine x(-5).
11
Let v(t) = 2*t**3 + t**2 - 4*t - 7. Determine v(2).
5
Let m(s) = -5*s - 6. Give m(2).
-16
Let b(d) = d**2 - 58*d - 837. Give b(-12).
3
Let a(v) = v**2 - 27*v - 16. Determine a(28).
12
Let f(x) = -x**2 + 2*x. Give f(1).
1
Let q(w) = 73*w - 357. Calculate q(5).
8
Let m(y) = -y**2 + 3*y - 3. Give m(4).
-7
Let m(z) = -z**3 + 7*z**2 - 2*z + 4. Calculate m(6).
28
Let b(o) = o**2 - 23*o + 99. Give b(13).
-31
Let f(n) = -n**3 + 5*n**2 - 7*n - 3. Calculate f(5).
-38
Let m(b) = 2*b**3 - 17*b**2 + 7*b + 11. What is m(8)?
3
Let p(n) = n**2 + 15*n - 4. What is p(-13)?
-30
Let i(h) = -9*h - 3. Give i(-3).
24
Let b(o) = -3*o**3 - o - 2. Determine b(-2).
24
Let k(x) = x**3 - 2*x + 3. What is k(0)?
3
Let p(l) = 9*l - 198. Give p(22).
0
Let p(h) = h**2 + h - 4. Give p(2).
2
Let i(m) = -m**2 + 9*m + 3. Determine i(6).
21
Let i(o) = -3*o + 13. Calculate i(15).
-32
Let c(r) = -r**2 - 40*r - 150. Determine c(-35).
25
Let u(v) = -v**3 + 23*v**2 - 23*v + 49. Determine u(22).
27
Let t(f) = -f - 23. Determine t(-22).
-1
Let a(m) = -11*m**2 - 2*m - 2. Give a(-2).
-42
Let l(q) = -q**3 - 9*q**2 + 9*q + 12. What is l(-10)?
22
Let q(x) = -x**3 - 4*x**2 + 2*x + 6. What is q(-4)?
-2
Let t(a) = a**2 - 10*a + 2. Calculate t(8).
-14
Let g(k) = k**2 - k - 2. What is g(-2)?
4
Let g(s) = -s**3 - 19*s**2 - 15*s + 59. What is g(-18)?
5
Let p(y) = 36*y**2 - 2*y - 3. What is p(-1)?
35
Let v(i) = -5*i + 9. Determine v(3).
-6
Let a(c) = c**2 + 8*c + 3. Determine a(-14).
87
Let d(h) = -2*h**2 + 10*h - 10. What is d(4)?
-2
Let b(g) = -4*g**2 + 2*g + 2. What is b(-2)?
-18
Let q(c) = -26*c - 105. Give q(-4).
-1
Let s(h) = -5*h**2 + 16*h + 45. Calculate s(5).
0
Let s(d) = 64*d**2 + 4*d + 2. Calculate s(-1).
62
Let y(n) = -3*n + 58. Calculate y(26).
-20
Let x(j) = j**3 + 10*j**2 + 18*j - 1. Give x(-8).
-17
Let m(z) = -3*z + 107. Calculate m(17).
56
Let p(r) = -r**3 - 8*r**2 + 8*r - 10. What is p(-9)?
-1
Let b(z) = -z**3 - 3*z**2 + 27*z - 2. What is b(-7)?
5
Let y(m) = -3*m**3 + m**2 - 3*m + 2. Determine y(2).
-24
Let o(d) = 2*d + 12. Give o(-11).
-10
Let i(r) = -r**3 - 16*r**2 - 43*r - 8. Calculate i(-13).
44
Let g(d) = 9*d**2 + 3*d - 3. Calculate g(3).
87
Let s(g) = -g**3 - 5*g**2 - 9*g + 7. Give s(-5).
52
Let n(v) = 15*v + 2. Determine n(3).
47
Let d(s) = s - 28. Calculate d(14).
-14
Let r(t) = t**2 - 6*t - 23. Calculate r(10).
17
Let n(m) = -9*m + 4. Determine n(1).
-5
Let g(x) = x**2 - 7*x + 5. Determine g(4).
-7
Let t(u) = -u**2 - u - 1. Give t(-4).
-13
Let f(n) = -n**3 + 3*n**2 + 7*n - 5. Give f(4).
7
Let s(t) = -t**2 - 20*t - 40. Calculate s(-18).
-4
Let z(q) = -44*q**3 - q**2 - 7*q - 5. Calculate z(-1).
45
Let q(i) = -i**3 - 23*i**2 - 42*i + 3. Give q(-21).
3
Let w(v) = -v**2 + 20*v - 33. Calculate w(24).
-129
Let x(b) = 3*b**2 + 4*b - 14. What is x(-5)?
41
Let n(u) = 25*u + 99. What is n(-4)?
-1
Let p(a) = -a**2 - 14*a - 57. What is p(-5)?
-12
Let f(h) = h**3 + 14*h**2 + 14*h - 23. Calculate f(-13).
-36
Let h(k) = k**2 - 31*k + 141. Determine h(6).
-9
Let m(u) = 43*u**2 - 125*u - 8. Calculate m(3).
4
Let k(n) = n**3 + 7*n**2 - 2*n + 13. Give k(-9).
-131
Let v(m) = -m**3 - 14*m**2 - m + 4. Determine v(-14).
18
Let x(w) = 3*w + 6. Calculate x(7).
27
Let l(j) = j**2 - 10*j + 9. What is l(7)?
-12
Let f(j) = -j + 7. Give f(5).
2
Let t(b) = 83*b - 659. Give t(8).
5
Let f(c) = -c**2 + 7*c + 10. Calculate f(6).
16
Let p(w) = w**3 - 6*w**2 - 2*w - 9. Calculate p(7).
26
Let p(a) = -a**2 + 9*a - 20. Determine p(6).
-2
Let m(y) = y**3 - 12*y**2 + 11*y + 5. Determine m(11).
5
Let r(x) = -2*x**2 - 15*x + 3. What is r(-7)?
10
Let w(s) = 7*s + 51. Give w(-19).
-82
Let a(k) = 67*k - 207. What is a(3)?
-6
Let w(a) = -a**3 + 5*a**2 + 9*a + 43. What is w(7)?
8
Let w(t) = -3*t - 1. Determine w(2).
-7
Let u(q) = -q - 16. What is u(-5)?
-11
Let v(b) = -b**3 + 5*b**2 + 13*b + 17. Give v(7).
10
Let n(y) = 10*y**3 + 4*y**2 + 4. Give n(-2).
-60
Let g(o) = -6*o**2 - o - 1. Give g(-1).
-6
Let d(l) = -31*l + 428. Determine d(14).
-6
Let a(y) = 5*y**2 + 20*y + 10. Give a(-4).
10
Let o(d) = d + 4. Give o(3).
7
Let f(r) = -8*r**3 + 2*r**2 - 1. What is f(-1)?
9
Let c(v) = -v**3 - 10*v**2 + 4*v - 67. Calculate c(-11).
10
Let m(j) = -j**3 + 7*j**2 + 15*j + 26. Determine m(9).
-1
Let g(h) = -h**2 - 2*h - 5. What is g(-5)?
-20
Let d(k) = -3*k - 65. Determine d(-28).
19
Let x(f) = -2*f**3 + 5*f**2 - 5*f + 1. Calculate x(1).
-1
Let c(t) = -t**2 + 11*t + 28. Calculate c(13).
2
Let t(a) = 4*a + 19. What is t(-7)?
-9
Let r(t) = t**3 - 4*t**2 + 3. Calculate r(4).
3
Let f(z) = -z**3 + 9*z**2 + 8*z - 3. Determine f(8).
125
Let k(g) = -g + 16. Determine k(15).
1
Let o(j) = -2*j**2 + 47*j + 181. Calculate o(27).
-8
Let h(c) = -c**3 + 3*c + 19. What is h(5)?
-91
Let x(q) = -3*q + 12. Calculate x(10).
-18
Let a(j) = 6*j - 29. What is a(7)?
13
Let f(j) = j**2 - 12*j - 1. Determine f(10).
-21
Let w(j) = -13*j - 204. What is w(-16)?
4
Let i(n) = -n**3 + 2*n**2 + 3. Give i(3).
-6
Let t(n) = -11*n - 80. Determine t(-8).
8
Let h(g) = -g**3 - 2*g**2 + g - 19. What is h(0)?
-19
Let r(j) = -15*j - 148. Determine r(-10).
2
Let g(l) = -l**3 - 4*l**2 + 10*l - 7. What is g(-6)?
5
Let f(x) = 22*x**3 - 2*x**2 - 2*x - 1. Determine f(-1).
-23
Let r(c) = 4*c - 28. Calculate r(12).
20
Let w(q) = -q**3 + 6*q**2 - 3*q - 3. Determine w(4).
17
Let d(z) = 2*z**3 - 11*z**2 + z + 21. Give d(7).
175
Let a(v) = 2*v**2 + 14*v - 21. Determine a(0).
-21
Let s(t) = t**2 - 6*t - 8. What is s(4)?
-16
Let x(p) = -2*p - 1. What is x(-1)?
1
Let i(k) = k**3 - 6*k**2 + 3. What is i(6)?
3
Let z(o) = o**2 - 3*o - 5. What is z(0)?
-5
Let t(u) = -u**2 + 20*u - 11. What is t(20)?
-11
Let o(h) = -h**3 - 9*h**2 - 10*h + 16. Determine o(-7).
-12
Let d(q) = 15*q + 123. Calculate d(-15).
-102
Let h(x) = -15*x - 80. Calculate h(-5).
-5
Let b(q) = -42*q + 132. Determine b(3).
6
Let w(p) = -p**2 + p - 9. What is w(-3)?
-21
Let c(o) = o**3 + 13*o**2 - 11*o + 48. Give c(-14).
6
Let t(x) = -x**2 + 6*x + 37. Give t(11).
-18
Let r(o) = -5*o**3 + 7*o**2 + 2*o - 6. Determine r(2).
-14
Let m(r) = -r**2 - r + 6. Determine m(2).
0
Let t(a) = -a**3 - 19*a**2 - 17*a + 13. Determine t(-18).
-5
Let s(c) = c**3 - 2*c**2 - 16*c + 10. Calculate s(5).
5
Let p(f) = -10*f - 4. Give p(2).
-24
Let l(t) = -t**2 - 56*t - 315. Give l(-6).
-15
Let b(g) = -2*g**3 + 7*g**2 + 8*g + 12. Calculate b(5).
-23
Let r(u) = u**3 + 3*u**2 - 38*u + 22. Calculate r(-8).
6
Let h(y) = y**3 + 3*y**2 - 11*y - 4. Determine h(-5).
1
Let y(z) = -3*z + 2. What is y(-10)?
32
Let u(a) = a**2 - 38*a + 39. Give u(35).
-66
Let h(o) = -o**2 - 12*o + 19. Determine h(-14).
-9
Let v(h) = -35*h + 4. Calculate v(1).
-31
Let d(h) = h - 28. Give d(-13).
-41
Let p(d) = -d**3 - 12*d**2 - 20*d - 3. Determine p(-10).
-3
Let c(g) = g**3 + 9*g**2 + 6*g - 6. Determine c(-8).
10
Let d(r) = -117*r - 822. What is d(-7)?
-3
Let o(p) = 4*p + 43. What is o(-15)?
-17
Let k(g) = -g**3 - 19*g**2 - 36*g - 25. What is k(-17)?
9
Let s(c) = -c**3 + 6*c**2 - 13*c + 18. What is s(4)?
-2
Let n(i) = 18*i. Determine n(7).
126
Let f(a) = -17*a + 26. Calculate f(1).
9
Let a(v) = v**3 - 2*v**2 - 5. Calculate a(3).
4
Let k(l) = 2*l**2 + l + 6. Calculate k(0).
6
Let m(w) = -w**3 - 16*w**2 + 36*w + 2. Calculate m(-18).
2
Let t(w) = -w**3 - 7*w**2 - w - 8. Calculate t(-7).
-1
Let z(x) = -2*x + 15. Give z(10).
-5
Let t(y) = -y**3 + 9*y**2 - 8*y + 4. Determine t(8).
4
Let f(q) = -q**2 - 2*q - 2. What is f(-1)?
-1
Let n(g) = -6*g + 8. Determine n(2).
-4
Let c(x) = -x**2 - 13*x - 23. Determine c(-10).
7
Let y(z) = -2*z**2 - 78*z - 92. Calculate y(-38).
-16
Let b(d) = 9*d + 65. Calculate b(-8).
-7
Let d(j) = j**3 + 5*j**2 + 2*j. What is d(-3)?
12
Let w(h) = h - 16. Calculate w(8).
-8
Let d(t) = t**2 + 26*t + 110. What is d(-21)?
5
Let f(l) = 7*l + 76. Determine f(-12).
-8
Let q(s) = 5*s**2 - 15*s - 44